the remainder when 1069969 is divided by 267490?
9
What is the remainder when 27647 is divided by 201?
110
What is the remainder when 2801747 is divided by 47487?
14
Calculate the remainder when 27916802 is divided by 7253.
5
Calculate the remainder when 49741961 is divided by 24.
17
What is the remainder when 9976067 is divided by 175018?
41
What is the remainder when 10844 is divided by 2684?
108
Calculate the remainder when 252329 is divided by 465.
299
What is the remainder when 971030 is divided by 49?
46
Calculate the remainder when 4422174 is divided by 68.
66
Calculate the remainder when 352767932 is divided by 96.
92
Calculate the remainder when 19865759 is divided by 151647.
2
Calculate the remainder when 841791 is divided by 459.
444
What is the remainder when 22439 is divided by 538?
381
Calculate the remainder when 3361188 is divided by 1448.
380
Calculate the remainder when 7088115 is divided by 1772023.
23
What is the remainder when 3427481 is divided by 441?
29
Calculate the remainder when 5245058 is divided by 1235.
13
What is the remainder when 30662792 is divided by 28497?
20
What is the remainder when 163576 is divided by 7789?
7
What is the remainder when 205646 is divided by 68508?
122
What is the remainder when 865486 is divided by 173089?
41
Calculate the remainder when 392016 is divided by 287.
261
What is the remainder when 2310162 is divided by 655?
632
What is the remainder when 270361 is divided by 90109?
34
What is the remainder when 47787413 is divided by 316?
313
What is the remainder when 32675856 is divided by 1672?
1632
What is the remainder when 509161 is divided by 267?
259
Calculate the remainder when 884717 is divided by 147441.
71
What is the remainder when 1314421 is divided by 537?
382
Calculate the remainder when 1443116 is divided by 1443097.
19
Calculate the remainder when 745686 is divided by 138.
72
Calculate the remainder when 41944534 is divided by 4754.
4746
Calculate the remainder when 2861087 is divided by 37633.
979
What is the remainder when 144733 is divided by 144303?
430
What is the remainder when 319751145 is divided by 79937779?
29
Calculate the remainder when 52287845 is divided by 42.
29
Calculate the remainder when 2072359309 is divided by 33.
31
What is the remainder when 5384598 is divided by 380?
378
What is the remainder when 92037 is divided by 30665?
42
Calculate the remainder when 32104038 is divided by 25.
13
What is the remainder when 31309589 is divided by 238?
213
What is the remainder when 2334793 is divided by 116657?
1653
Calculate the remainder when 152114 is divided by 626.
622
Calculate the remainder when 52024844 is divided by 950.
944
What is the remainder when 12113926 is divided by 10?
6
What is the remainder when 1627648 is divided by 4873?
66
What is the remainder when 1593 is divided by 1299?
294
Calculate the remainder when 64966038 is divided by 8.
6
Calculate the remainder when 470391 is divided by 4661.
4291
What is the remainder when 2572065 is divided by 233822?
23
What is the remainder when 50261 is divided by 1401?
1226
What is the remainder when 10724763 is divided by 10724694?
69
Calculate the remainder when 36549502 is divided by 1152.
1150
What is the remainder when 154435593 is divided by 16?
9
What is the remainder when 18287 is divided by 129?
98
What is the remainder when 12425455 is divided by 355013?
0
Calculate the remainder when 89279 is divided by 3396.
983
Calculate the remainder when 4259143 is divided by 331.
166
What is the remainder when 39665249 is divided by 77?
8
Calculate the remainder when 24975270 is divided by 8325084.
18
What is the remainder when 5159966 is divided by 1289990?
6
Calculate the remainder when 295409 is divided by 98419.
152
Calculate the remainder when 448089 is divided by 2113.
133
What is the remainder when 36015660 is divided by 342?
324
What is the remainder when 911059 is divided by 75916?
67
Calculate the remainder when 24395 is divided by 1757.
1554
Calculate the remainder when 86405 is divided by 43048.
309
What is the remainder when 1575509 is divided by 29726?
31
Calculate the remainder when 9039820 is divided by 518.
202
Calculate the remainder when 2759736 is divided by 279.
147
Calculate the remainder when 3707 is divided by 913.
55
Calculate the remainder when 4986901 is divided by 649.
634
Calculate the remainder when 229677 is divided by 3144.
165
What is the remainder when 21833 is divided by 55?
53
Calculate the remainder when 159951 is divided by 22850.
1
What is the remainder when 11456016 is divided by 1282?
64
Calculate the remainder when 697082887 is divided by 787.
785
Calculate the remainder when 38963 is divided by 256.
51
What is the remainder when 189913041 is divided by 446?
443
Calculate the remainder when 490674 is divided by 44605.
19
What is the remainder when 88983 is divided by 2946?
603
Calculate the remainder when 332652 is divided by 11.
1
Calculate the remainder when 4474874 is divided by 874.
868
What is the remainder when 1572085 is divided by 1571863?
222
Calculate the remainder when 5834759 is divided by 2576.
119
What is the remainder when 6773519 is divided by 2257788?
155
What is the remainder when 618653 is divided by 106?
37
What is the remainder when 4657636 is divided by 26020?
56
Calculate the remainder when 1524384 is divided by 2282.
8
What is the remainder when 9752503 is divided by 49505?
18
Calculate the remainder when 432961 is divided by 48104.
25
What is the remainder when 25201 is divided by 12016?
1169
Calculate the remainder when 80921626 is divided by 125.
1
Calculate the remainder when 11151293 is divided by 11150988.
305
Calculate the remainder when 163908927 is divided by 813.
810
What is the remainder when 21638936 is divided by 63?
11
What is the remainder when 779083 is divided by 778822?
261
Calculate the remainder when 3737223 is divided by 251.
84
What is the remainder when 934759002 is divided by 4481?
4478
What is the remainder when 58301 is divided by 596?
489
What is the remainder when 227719 is divided by 1340?
1259
What is the remainder when 5829944 is divided by 98809?
213
Calculate the remainder when 1304294 is divided by 1732.
98
Calculate the remainder when 235132 is divided by 511.
72
What is the remainder when 54112328 is divided by 4509356?
56
Calculate the remainder when 3077330 is divided by 128218.
98
What is the remainder when 65568481 is divided by 1105?
1096
Calculate the remainder when 29447577 is divided by 208848.
9
Calculate the remainder when 22251453 is divided by 93.
87
What is the remainder when 407750 is divided by 1592?
198
Calculate the remainder when 34704 is divided by 33202.
1502
What is the remainder when 24395183 is divided by 293917?
72
Calculate the remainder when 58902687 is divided by 29451341.
5
What is the remainder when 3261307 is divided by 67943?
43
What is the remainder when 3015477 is divided by 231?
3
Calculate the remainder when 88645619 is divided by 625.
619
Calculate the remainder when 643671 is divided by 913.
6
Calculate the remainder when 18838077 is divided by 16.
13
What is the remainder when 1233731 is divided by 1233715?
16
What is the remainder when 1080295 is divided by 258?
49
What is the remainder when 159720 is divided by 668?
68
Calculate the remainder when 7769830 is divided by 2777.
2561
Calculate the remainder when 184248 is divided by 225.
198
What is the remainder when 108291 is divided by 34696?
4203
What is the remainder when 20431482 is divided by 2918777?
43
What is the remainder when 243687132 is divided by 859?
858
Calculate the remainder when 1660514 is divided by 470.
4
What is the remainder when 591528 is divided by 6721?
80
Calculate the remainder when 78293909 is divided by 10.
9
What is the remainder when 6739559 is divided by 94923?
26
What is the remainder when 1845186 is divided by 42911?
13
What is the remainder when 3133796 is divided by 431?
426
What is the remainder when 16283446 is divided by 2039?
2031
Calculate the remainder when 369109 is divided by 52724.
41
Calculate the remainder when 7451145 is divided by 181735.
10
What is the remainder when 745951 is divided by 372153?
1645
Calculate the remainder when 643160 is divided by 214334.
158
Wha